se 2, what is -11101 - 1000011011001101101?
-1000011011010001010
In base 13, what is -2b80 - -3a?
-2b43
In base 10, what is -386246453 + 0?
-386246453
In base 2, what is 10000001 + -10110000110110001100?
-10110000110100001011
In base 7, what is 506 + 1160615?
1161424
In base 10, what is 1416485 - -14?
1416499
In base 8, what is 1777015475 - -5?
1777015502
In base 15, what is 4412c - -72?
4419e
In base 8, what is 243 - 630145?
-627702
In base 15, what is 2 - -a611557?
a611559
In base 2, what is 11 - 1000101111100100010011111001?
-1000101111100100010011110110
In base 10, what is 1 + 22942951?
22942952
In base 7, what is -333041242 + 1?
-333041241
In base 2, what is -11000110 + 11001010111110100?
11001010100101110
In base 4, what is -1003 + -20212302?
-20213311
In base 15, what is -8840a6a - -2?
-8840a68
In base 4, what is -121102210 - -2021?
-121100123
In base 8, what is -13 + 12632513?
12632500
In base 13, what is -317a7 + -36?
-31810
In base 5, what is -3 - -1430020432?
1430020424
In base 10, what is -2557 + -175152?
-177709
In base 5, what is -120304 - -1321312?
1201003
In base 10, what is 7836 - 216?
7620
In base 5, what is 421230 + -21132?
400043
In base 4, what is -233333 - -113320?
-120013
In base 8, what is -130061027 - 0?
-130061027
In base 16, what is -b + 3932b?
39320
In base 6, what is -40435140 - -1?
-40435135
In base 6, what is 144341053 + -15?
144341034
In base 16, what is -6 - 8c756?
-8c75c
In base 2, what is 111 - -110101101111000110000110?
110101101111000110001101
In base 7, what is 45 - -3651602?
3651650
In base 6, what is -2 + 101251025?
101251023
In base 7, what is -16 - 2543341361?
-2543341410
In base 15, what is 5 - -12e63880?
12e63885
In base 15, what is 4e - 5c7b?
-5c2c
In base 10, what is 56932649 - 5?
56932644
In base 11, what is -2 - -4496aa1?
4496a9a
In base 3, what is 12222200022 + 1010?
12222201102
In base 16, what is -4 + 616bb4?
616bb0
In base 5, what is 112000444340 + -10?
112000444330
In base 16, what is 1707a7 + -6?
1707a1
In base 2, what is -110001110001100 - 10000110001?
-110011110111101
In base 8, what is -14702543 + -547?
-14703312
In base 3, what is 100120 - 10201201120012?
-10201201012122
In base 8, what is 1 + 24706371?
24706372
In base 11, what is -6955 - -1939?
-5017
In base 6, what is -3 - -2001001312?
2001001305
In base 14, what is 5 + -619500?
-6194d9
In base 14, what is -c65d - -395?
-c2a8
In base 2, what is 0 - -11001000111010101100110?
11001000111010101100110
In base 4, what is 110200021 - -1021201?
111221222
In base 10, what is 216526451 - -1?
216526452
In base 6, what is 131023543 - -4?
131023551
In base 14, what is 14d - 62?
cb
In base 8, what is 12 + 5742303?
5742315
In base 4, what is 20 - -213010312222?
213010312302
In base 9, what is 141566587 - -5?
141566603
In base 5, what is 223 - -10202214?
10202442
In base 10, what is -4 + 82906103?
82906099
In base 5, what is 10 - 3132321204?
-3132321144
In base 11, what is 5974562 + 8?
597456a
In base 15, what is -14c - 243b1?
-2450d
In base 9, what is 824167 + -276?
823781
In base 7, what is -2441565 + -104?
-2442002
In base 14, what is 106782d - -5?
1067834
In base 11, what is -1793532 - a0?
-1793622
In base 14, what is 290c11 - 0?
290c11
In base 3, what is -1002211101021222 - -22?
-1002211101021200
In base 7, what is -13102023313 - 5?
-13102023321
In base 10, what is -3064585 - -3?
-3064582
In base 13, what is -3 - 443335?
-443338
In base 6, what is 251000 + 1310?
252310
In base 3, what is 1212100 + 200022210220?
200101200020
In base 4, what is 10 + -1302110010303?
-1302110010233
In base 13, what is 7069b5 - -2?
7069b7
In base 5, what is 2002342 - 1210?
2001132
In base 3, what is -1221001 + -121110102221?
-121112100222
In base 14, what is 280 + -a13?
-773
In base 12, what is -9a3 + 142853?
141a70
In base 8, what is 106056 - 416?
105440
In base 11, what is -197 + 17207?
17020
In base 16, what is -5 - 56c6b80?
-56c6b85
In base 10, what is -209 + 331929?
331720
In base 15, what is 2 + -b528a57?
-b528a55
In base 12, what is 1 - -12785369?
1278536a
In base 15, what is -336 + 29b5?
267e
In base 12, what is -650a93 - b?
-650aa2
In base 9, what is -103051 + 123?
-102827
In base 13, what is 19 - -694c8?
69514
In base 2, what is -100000011110111 - -1101111100011?
-10010100010100
In base 7, what is 22253 + 1032126?
1054412
In base 4, what is 131013 + 2103?
133122
In base 2, what is 110010 + 110010110101110011100?
110010110101111001110
In base 4, what is 122123 + 1220322?
2003111
In base 9, what is 17255068 + -4?
17255064
In base 9, what is -21254 + -787?
-22152
In base 7, what is 405460562 - -1?
405460563
In base 5, what is -13 + -42322234?
-42322302
In base 5, what is -23334 - 14014421?
-14043310
In base 13, what is -24 - -b9b92a?
b9b906
In base 6, what is 301 - -44532?
45233
In base 16, what is -3669cb9 + 16?
-3669ca3
In base 7, what is -12 - 46316235?
-46316250
In base 10, what is -1616 - -4246?
2630
In base 7, what is -513 - -2152140?
2151324
In base 9, what is -64 - 2722718?
-2722783
In base 10, what is -292151748 - 5?
-292151753
In base 7, what is 6 - 1020152?
-1020143
In base 5, what is -103 - 14301413311?
-14301413414
In base 15, what is -69c90a9 - 3?
-69c90ac
In base 7, what is 3402 - -26051?
32453
In base 12, what is -4 + -14550117?
-1455011b
In base 13, what is -24 - 713a6?
-713ca
In base 10, what is 495 - 109897?
-109402
In base 11, what is -334 + -3a7?
-730
In base 4, what is -113 + 3210331003?
3210330230
In base 2, what is -1110 + 10111010010101001001?
10111010010100111011
In base 11, what is -7702 + 3958?
-3855
In base 3, what is -11 + -2100012121111?
-2100012121122
In base 6, what is 402224 + 11030?
413254
In base 8, what is 103 - 1137557?
-1137454
In base 11, what is 18618a7 - 1?
18618a6
In base 3, what is -102102011120 + 2?
-102102011111
In base 14, what is -1b3cb - 15?
-1b402
In base 4, what is 101 + -1313300130?
-1313300023
In base 16, what is -624460a + -3?
-624460d
In base 7, what is -15343164 + 4?
-15343160
In base 7, what is 2 + -6102401?
-6102366
In base 2, what is -11001110101111111001100 - -1?
-11001110101111111001011
In base 5, what is 10204433 + -344344?
4310034
In base 5, what is -13 - 203230430?
-203230443
In base 14, what is 3 + -497dd41?
-497dd3c
In base 5, what is 11443 - 4100402?
-4033404
In base 2, what is -100010010101111111010101 + -11011?
-100010010101111111110000
In base 10, what is -2 + -1985189?
-1985191
In base 11, what is 174 - -561784?
561948
In base 6, what is -510033053 + 3?
-510033050
In base 9, what is -1003481257 - 0?
-1003481257
In base 2, what is 111001110100010 + 11101000011?
111101011100101
In base 8, what is -150 - 342570?
-342740
In base 2, what is -1011010011 - -101100011?
-101110000
In base 14, what is -357a3 - 33c1?
-38b84
In base 6, what is 100 + 332324512?
332325012
In base 3, what is -2111012222 + -1202?
-2111021201
In base 6, what is 442322322 + 103?
442322425
In base 3, what is 1000211102110022 - -100?
1000211102110122
In base 10, what is -316 + -861077?
-861393
In base 15, what is dc - -e3de?
e4cb
In base 14, what is -38136 + 193?
-37d83
In base 5, what is -11230211301 + -2?
-11230211303
In base 12, what is 438 - 20353?
-1bb17
In base 2, what is 101111110 - -1101011110111010?
1101100100111000
In base 8, what is 34 - -7053434?
7053470
In base 3, what is -221111201000 + -11200?
-221111212200
In base 16, what is -7801d1 + a?
-7801c7
In base 10, what is 178 - -12716?
12894
In base 3, what is -10020011 - -20000102102?
12220012021
In base 13, what is -a86783 + 3?
-a86780
In base 13, what is -21 + -7a1219?
-7a123a
In base 3, what is -100101 - -2202000110201?
2202000010100
In base 3, what is 1102100 + -1200101220?
-1121222120
In base 5, what is -1003321 - 1001444?
-2010320
In base 5, what is -103323012100 + 0?
-103323012100
In base 14, what is 4 + -41593d?
-415939
In base 13, what is -ac8450 + 65?
-ac83b8
In base 6, what is 1231 + -201311352?
-201310121
In base 16, what is -5 - e93090?
-e93095
In base 5, what is -4 + 42034330044?
42034330040
In base 14, what is -7d40 - 260?
-81a0
In base 9, what is 10 - -3070300?
3070310
In base 3, what is 2202002 - 11112210?
-1210201
In base 16, what is -5 - -4a1bec5?
4a1bec0
In base 3, what is -2012111 + -110211211?
-120001022
In base 5, what is -11 - -2222414